is the remainder when 117 is divided by c?
17
Let g(y) = -y - 3. Let u be g(-10). Let h be 40/18 - 16/72. Calculate the remainder when h*31*u/14 is divided by 11.
9
Let q(x) = x**3 + 2*x**2 - x + 21. Let y(p) = 2. Let k(j) = q(j) - 6*y(j). Let a be 2 - (0 + (-2)/(-1)). What is the remainder when 33 is divided by k(a)?
6
Let t = 3 - 6. Let b(o) = -2*o**3 - 5*o**2 - 2*o. Calculate the remainder when (-19186)/(-362) + 2 + (0 - -2) is divided by b(t).
12
Suppose -3 = -5*m - 3*p, 0 = -m + 4*p - 3 + 22. Suppose -11 + 5 = -m*c. Calculate the remainder when 25 is divided by c.
1
Let v = -171 - -112. Let k = 82 + v. What is the remainder when 62 is divided by k?
16
Let f(x) = -x**3 - 49*x**2 - 2*x - 9. Calculate the remainder when f(-49) is divided by 24.
17
Let i = -1272 + 1408. What is the remainder when 814 is divided by i?
134
Suppose 45*b = 51*b - 426. Calculate the remainder when 169 is divided by b.
27
Let y = 124 + -59. Let z = y + -21. What is the remainder when 84 is divided by z?
40
Suppose -46 = -23*p + 21*p - m, 84 = 4*p + 4*m. What is the remainder when 349 is divided by p?
24
Let x(h) = h - 4. Suppose -4*a - 24 = -5*w - 5, -36 = -4*w - 2*a. What is the remainder when 6 is divided by x(w)?
0
Let m(q) = 2*q + 26. Let i be m(5). What is the remainder when (-9)/((-13)/i - 12/(-48)) is divided by 12?
9
Let n = 34 + 9. What is the remainder when n is divided by (7878/(-36))/(-13) - 10/12?
11
Suppose 0 = 5*n + 4*q + 82, 3*q + 65 + 0 = -4*n. Let s = -3 - n. Calculate the remainder when 19 is divided by s.
8
Suppose 2*l - 8 = -0. Let y(i) = -5 - l + 6*i + 2. What is the remainder when y(8) is divided by 22?
19
Let j(n) = 6*n + 350. What is the remainder when j(27) is divided by 86?
82
Suppose -3*w + 3*k = -k + 10, -4 = 4*w - 3*k. Let p = -7 + 9. Suppose -p*l - 4*f + 34 = 0, -5*l + 0*f + 55 = 4*f. What is the remainder when l is divided by w?
1
Let o = -70 - -189. Calculate the remainder when o is divided by 45.
29
Let w(y) = y**3 + 7*y**2 + 8*y - 2. Let b be w(-6). Suppose 5*o - 39 = 91. What is the remainder when o is divided by -4 - (b - (-1 - 0))?
8
Let t = 232 - 111. Calculate the remainder when t is divided by 62.
59
Suppose 0 = -5*d + 4*g + g + 1595, 2*d - 4*g = 634. Calculate the remainder when d is divided by 23.
22
Let o = 1594 - 1528. Calculate the remainder when 210 is divided by o.
12
Suppose -5*i - 2*u + 39 = 0, 7*i + 4*u + 3 = 6*i. Calculate the remainder when 150 is divided by i.
6
Let x be (-8)/36 + (-654)/(-27). Suppose m + x = 53. Calculate the remainder when 57 is divided by m.
28
Let c(w) = -2*w**2 + 29*w + 12. Let r(d) = d**2 - 13*d + 4. What is the remainder when c(13) is divided by r(14)?
15
Let l(v) = -v**2 - 16*v + 17. Suppose -z + 5*z + 64 = 3*r, -3*z - 19 = 5*r. Calculate the remainder when l(z) is divided by 15.
11
Let i = -81 - -90. Let t = -74 + 99. What is the remainder when t is divided by i?
7
Suppose -2*f + 4*n + 38 = 0, -688*n - 5 = f - 684*n. What is the remainder when 1176 is divided by f?
10
Let n(z) = z**2 + 14*z + 70. Calculate the remainder when 91 is divided by n(-6).
3
Let m be (-129)/(-27) + (-4)/(-18). Suppose -c - m = -12. What is the remainder when 25 is divided by c?
4
Let x = -378 - -1235. What is the remainder when x is divided by 11?
10
Let g(v) = -v**2 - 13*v - 3. What is the remainder when 44 is divided by g(-4)?
11
Calculate the remainder when 10 is divided by 4*(5/30)/((-6)/(-27)).
1
Let p = 635 + -546. What is the remainder when 237 is divided by p?
59
Let r = 71 - 60. What is the remainder when 10/(-40) + (-162)/(-8) is divided by r?
9
Let l = -3 + 19. Calculate the remainder when -31*(-3 - (-2)/1) is divided by l.
15
Suppose 101 = -0*t + t. Suppose -3*v = -3*k + 3, -5*k + 21 = -2*v + 1. Suppose -10*z + 104 = -k*z. Calculate the remainder when t is divided by z.
23
Suppose 4*w = -w + 205. Suppose 0 = 4*z - 3*c - w, 3*c = 4*z + 2*c - 51. Suppose z + 1 = 3*q. What is the remainder when 17 is divided by q?
2
Let h = -67 + 80. Suppose -h*r + 17*r - 40 = 0. Calculate the remainder when 28 is divided by r.
8
Let z(i) = 4*i + 2*i + 2*i - 4*i - 30. What is the remainder when 16 is divided by z(9)?
4
Let g(n) = 2*n**2 - 15*n + 1. Let u be g(13). Suppose -6*l + u = 2*l. Calculate the remainder when 53 is divided by l.
17
Let u = 152 - -438. What is the remainder when u is divided by 18?
14
Suppose 399 = -43*u + 48*u + 2*p, -417 = -5*u + 4*p. What is the remainder when 230 is divided by u?
68
Let r = 208 + -129. Calculate the remainder when r is divided by 10.
9
Let u(d) = -6*d + 164. Calculate the remainder when 247 is divided by u(19).
47
Let r be ((-245)/(-10))/((-1)/(-2)). Suppose 6*c = 4*c - 2*y + 10, -3*y - r = -5*c. Calculate the remainder when 43 is divided by c.
3
Let f(v) = 2*v. Let i be f(-3). Calculate the remainder when ((-38)/(-6))/((-2)/i) is divided by (-2565)/(-225) - 1/(-5)*-2.
8
Let a = 65 - 74. Let v = 18 + a. What is the remainder when v is divided by 2?
1
Let m(j) = j + 10. Let v = 2 + -9. What is the remainder when (-2 + 9)/(8 + v) is divided by m(-7)?
1
Let c = -26 - -2. Let j = 0 - c. What is the remainder when j is divided by 9?
6
Let o be (-1 + (-18)/(-4))/((-5)/40). Suppose 0 = r + 4*p - 70, -4*r - 2*p + 313 = 3*p. What is the remainder when r is divided by (11 + -9)/((-2)/o)?
26
Suppose -4*g + 22 = 2*q, 3*q + 5*g - 4*g = 33. What is the remainder when 43 is divided by 5/((-15)/q)*(-1 - 2)?
10
Suppose 0 = 5*j - 184 - 151. Calculate the remainder when j is divided by 36.
31
Suppose 0 = 4*x + 2*h - 96, 18*h = -2*x + 16*h + 46. Calculate the remainder when 97 is divided by x.
22
Let a be -1 - (2 - (-2 - -7)). Suppose 2*r + 3*q = 1, a*q = 2*r + 3*r - 31. Let v = 90 + -78. Calculate the remainder when v is divided by r.
2
Suppose -2*c = 4*a + c - 1, 14 = a - 2*c. Suppose 4*u - 52 = -a*w, -w + 2 = -2*u + 1. What is the remainder when 20 is divided by w?
2
Suppose 0 = -5*p - o - 121, -2*p - 25 = -4*o + 41. Let z be -5*5/(p/24). Let y = 34 - z. Calculate the remainder when 37 is divided by y.
7
Suppose 3*y - 159 - 206 = -l, -226 = -2*y - 5*l. What is the remainder when y is divided by 44?
35
Suppose 43 = o - 4*g, 35 = 2*o - o + 4*g. Let n = 53 - 32. What is the remainder when o is divided by n?
18
Suppose -5*x = o + 17, 0 = 5*x + 12 + 13. Suppose -3*q + 2*w + 17 = 0, q + q = -2*w + o. What is the remainder when q is divided by 1?
0
Let r = -184 - -659. Calculate the remainder when r is divided by 53.
51
Let q = -1 - -6. Let i(p) = -p - 4. Let m be i(-7). Suppose g - m = 6. What is the remainder when g is divided by q?
4
Let j(v) = -27*v**3 - v**2 - 2*v - 1. Suppose 0 = 5*m - 3*d - 805, 4*m - 607 = -29*d + 24*d. What is the remainder when m is divided by j(-1)?
23
Suppose -50*u = -53*u + 768. What is the remainder when u is divided by 7?
4
Let f(r) = r**2 - 14*r - 21. Calculate the remainder when 293 is divided by f(17).
23
Suppose j + 37 = 211. Calculate the remainder when j is divided by 22.
20
Suppose 337 = -5*f - 4*s + 1862, -3*s + 610 = 2*f. Calculate the remainder when f is divided by 6.
5
Calculate the remainder when 1434 is divided by (-56)/112 + (-83)/(-2).
40
Suppose 5*h + 4 = 14. Suppose 0 = -h*r + r + 10. Let f(n) = 3*n**2 + 7*n - 20. What is the remainder when f(3) is divided by r?
8
Suppose -824 - 2060 = -28*y. What is the remainder when y is divided by 11?
4
Let f = 9 - 17. Let w(v) = -v**2 - v + 1. Let y(r) = r**2 - 6*r - 7. Let z(x) = -2*w(x) - y(x). What is the remainder when 7 is divided by z(f)?
2
Let c = -31 + 35. Calculate the remainder when c/(-8)*(2 + -196) is divided by 33.
31
Suppose -2*f - 4 = -18. Suppose 5*i + 5 = -5*j, 0 = -116*i + 112*i - 12. What is the remainder when f is divided by j?
1
Let p = -43 - -44. Calculate the remainder when 86 is divided by (-720)/96*(0 - 2)*p.
11
What is the remainder when ((-7)/(-2))/(106/52 + -2) is divided by 37?
17
What is the remainder when ((-8004)/(-60) - 7)/((-4)/(-10)) is divided by 32?
28
Suppose -2*a = 3*a - 755. Suppose 4*n - a - 265 = 0. What is the remainder when n is divided by 35?
34
Let z(q) be the second derivative of -q**5/2 - q**4/3 + q**3/3 - 3*q**2/2 - 6*q. Let g be z(3). Calculate the remainder when 20 is divided by g/(-27) + (-2)/9.
9
Let f = 0 - 7. Let x = -62 - f. Let p = 116 + x. What is th